 common factor of 8757720 and 339624.
3816
Calculate the greatest common divisor of 391 and 4757042.
17
What is the greatest common divisor of 7173649 and 23323?
281
Calculate the greatest common factor of 21 and 552556508.
7
Calculate the greatest common divisor of 4440 and 44277456.
888
What is the greatest common divisor of 222456171 and 12?
3
Calculate the greatest common factor of 3780 and 406290465.
945
What is the highest common factor of 609208 and 808?
8
Calculate the highest common factor of 10284 and 1400.
4
What is the highest common factor of 14 and 669119878?
14
What is the greatest common factor of 152 and 5614500?
76
What is the highest common divisor of 638 and 116326192?
58
What is the highest common factor of 143925096 and 24?
24
What is the greatest common divisor of 796906 and 5518?
178
What is the greatest common factor of 20966688 and 416?
32
What is the greatest common divisor of 6308 and 257944?
76
Calculate the highest common divisor of 112443210 and 440.
110
Calculate the highest common divisor of 2368 and 39140672.
2368
What is the greatest common factor of 510 and 11342550?
30
Calculate the highest common factor of 194066729 and 103.
103
Calculate the greatest common divisor of 1470 and 137420745.
735
Calculate the greatest common divisor of 9002387 and 1895.
379
Calculate the highest common factor of 170 and 682430.
10
Calculate the greatest common divisor of 3114675 and 187325.
3175
Calculate the highest common divisor of 100 and 1759700.
100
Calculate the highest common factor of 502440 and 458200.
3160
What is the highest common factor of 48184075 and 5509?
787
What is the highest common factor of 278883 and 9703?
313
What is the highest common factor of 16744 and 755027?
91
Calculate the highest common divisor of 90204 and 182204563.
7517
Calculate the highest common divisor of 24970129 and 11716.
101
Calculate the highest common factor of 126 and 43533738.
18
What is the highest common factor of 559544 and 14184?
8
Calculate the highest common factor of 619 and 4765681.
619
What is the greatest common factor of 68 and 2805641852?
68
Calculate the greatest common factor of 425691 and 144942.
609
What is the highest common divisor of 307142 and 207?
23
What is the greatest common factor of 1204030 and 10260?
190
What is the highest common factor of 213492 and 954?
6
Calculate the greatest common factor of 11333641 and 1771.
253
Calculate the highest common divisor of 8 and 4628735040.
8
What is the highest common factor of 453530 and 990?
110
What is the greatest common factor of 884646 and 16380?
126
What is the greatest common divisor of 830352 and 1156?
4
What is the greatest common factor of 170574270 and 60?
30
What is the greatest common divisor of 76 and 72857704?
76
Calculate the greatest common divisor of 24070 and 150075.
145
Calculate the greatest common divisor of 60392732 and 296.
148
Calculate the highest common divisor of 1218087 and 52.
13
What is the greatest common factor of 9108 and 259923?
69
What is the greatest common divisor of 4587 and 228987?
33
Calculate the highest common divisor of 1297659 and 33.
33
Calculate the greatest common factor of 18810085 and 70.
35
What is the greatest common divisor of 550396 and 4886?
14
What is the highest common factor of 109 and 43866941?
109
What is the highest common divisor of 338077614 and 588?
42
Calculate the greatest common divisor of 297 and 1945917.
27
What is the highest common divisor of 65297 and 406249?
391
What is the greatest common divisor of 158750 and 4826?
254
Calculate the highest common factor of 1936 and 80115673.
121
Calculate the highest common divisor of 2198964 and 204.
12
What is the highest common factor of 7520 and 851593?
47
Calculate the greatest common factor of 171644 and 264704.
2068
Calculate the highest common divisor of 18 and 40932009.
9
What is the greatest common factor of 4410 and 932890?
70
What is the highest common factor of 203001 and 2023887?
471
What is the greatest common divisor of 128836 and 1211976?
124
What is the greatest common factor of 1260 and 20316?
12
Calculate the highest common factor of 3227636 and 322.
46
Calculate the highest common divisor of 453092 and 121672.
908
Calculate the greatest common factor of 3317 and 226519.
107
Calculate the highest common factor of 43741 and 17385761.
2573
Calculate the greatest common factor of 149515 and 578.
17
What is the greatest common divisor of 10991238 and 2468?
1234
Calculate the highest common divisor of 22052072 and 417.
139
Calculate the greatest common divisor of 40770 and 141210.
270
Calculate the highest common factor of 1311200 and 15840.
1760
Calculate the highest common divisor of 64445974 and 262.
262
What is the highest common divisor of 54 and 322950294?
54
Calculate the greatest common factor of 12261483 and 1755.
351
What is the highest common divisor of 24641529 and 165?
33
Calculate the highest common factor of 602 and 225062.
86
What is the greatest common divisor of 391651 and 1504?
47
What is the greatest common factor of 67 and 4217047?
67
What is the highest common divisor of 11137 and 452473?
259
What is the highest common factor of 9088 and 261833232?
1136
What is the greatest common factor of 11977 and 6107916?
59
What is the highest common divisor of 296190 and 60345?
135
What is the greatest common divisor of 226408864 and 1216?
608
What is the highest common factor of 3536 and 376265760?
3536
Calculate the highest common factor of 439720 and 4528.
8
Calculate the greatest common factor of 580 and 1925890.
290
Calculate the greatest common factor of 97011 and 36801.
27
Calculate the highest common divisor of 16420 and 38932.
4
Calculate the greatest common divisor of 39291175 and 2695.
385
What is the greatest common divisor of 32 and 187703792?
16
What is the greatest common divisor of 579 and 3817227?
3
What is the highest common factor of 1565 and 290635?
5
Calculate the highest common factor of 2349 and 186246.
27
Calculate the greatest common factor of 58 and 308255674.
58
What is the highest common divisor of 155 and 16818430?
155
Calculate the highest common divisor of 26 and 47047013.
13
What is the highest common divisor of 263495190 and 14?
14
Calculate the highest common divisor of 2064 and 242445696.
2064
Calculate the greatest common divisor of 52988528 and 1328.
1328
Calculate the highest common divisor of 673265978 and 10780.
1078
Calculate the highest common divisor of 10702549 and 231.
11
Calculate the highest common factor of 4635788 and 8603.
1229
Calculate the highest common divisor of 25435 and 5855.
5
What is the greatest common divisor of 4879773 and 12?
3
Calculate the greatest common factor of 3673103 and 2709.
301
Calculate the highest common divisor of 5146 and 230408.
166
What is the highest common divisor of 3312 and 9432972?
36
What is the greatest common factor of 1706241 and 9447?
141
Calculate the greatest common factor of 13958 and 16794465.
997
Calculate the highest common factor of 6698 and 2905334.
34
What is the greatest common divisor of 18178 and 1823462?
298
What is the highest common divisor of 2026998 and 297?
27
Calculate the highest common factor of 3023481 and 3.
3
What is the highest common divisor of 833 and 1225735?
49
Calculate the greatest common factor of 45 and 93812409.
9
What is the highest common factor of 84 and 15763419?
21
Calculate the greatest common divisor of 121261 and 2099755.
119
Calculate the greatest common divisor of 5093345 and 10.
5
Calculate the highest common divisor of 11 and 616565147.
11
What is the highest common factor of 74000 and 73200?
400
What is the highest common divisor of 974308 and 756?
4
Calculate the greatest common divisor of 56940 and 974805.
195
What is the greatest common divisor of 2867 and 3509025?
61
What is the highest common divisor of 12024864 and 64?
32
Calculate the highest common divisor of 2349 and 2167518.
87
Calculate the greatest common divisor of 263670707 and 53.
53
Calculate the highest common factor of 11099550 and 99.
33
What is the greatest common factor of 1359188723 and 2773?
2773
Calculate the greatest common factor of 189621 and 190431.
81
Calculate the highest common factor of 6157 and 19860779.
131
C